r of 254740563?
True
Is 69506066 a multiple of 2?
True
Is 242482218 a multiple of 32?
False
Is 80275224 a multiple of 1081?
False
Is 788 a factor of 450045712?
True
Is 3352 a factor of 82261634?
False
Does 2459 divide 497854757?
False
Is 211 a factor of 1915938905?
False
Does 123 divide 29826298?
False
Does 254 divide 1936494625?
False
Is 6463220400 a multiple of 75?
True
Does 257 divide 21063610?
False
Does 95 divide 207318025?
True
Does 6 divide 32304063?
False
Is 30 a factor of 21915450?
True
Does 147 divide 87029880?
True
Is 52 a factor of 127711740?
True
Does 1116 divide 59979777?
False
Is 48055449 a multiple of 164?
False
Does 31 divide 853130137?
True
Is 5522788 a multiple of 1556?
False
Is 24196230 a multiple of 2070?
True
Is 292193103 a multiple of 1129?
True
Is 59 a factor of 541512207?
True
Is 10 a factor of 304670111?
False
Is 5862240 a multiple of 736?
True
Is 18 a factor of 329587844?
False
Is 47243679 a multiple of 7?
True
Is 11 a factor of 8469164?
True
Is 194289008 a multiple of 34?
False
Does 4 divide 326444476?
True
Does 110 divide 929763519?
False
Is 212 a factor of 74137036?
True
Does 15 divide 334640758?
False
Is 123 a factor of 23365563?
False
Is 32526763 a multiple of 32?
False
Is 1025480036 a multiple of 14?
True
Is 13986290 a multiple of 355?
True
Does 3807 divide 744508341?
True
Is 32 a factor of 24732512?
True
Is 67 a factor of 2378701?
True
Is 34974345 a multiple of 893?
True
Does 5 divide 825195115?
True
Is 209 a factor of 1424965553?
True
Is 2910 a factor of 853590300?
True
Does 9352 divide 2870343752?
False
Is 980034330 a multiple of 14230?
True
Is 5326220 a multiple of 107?
False
Is 57699800 a multiple of 25?
True
Is 122 a factor of 298791088?
False
Does 119 divide 1163610390?
False
Is 4078 a factor of 306548842?
False
Is 568 a factor of 170158032?
True
Is 4160005911 a multiple of 109?
False
Is 2084 a factor of 868311490?
False
Is 834 a factor of 71113777?
False
Is 163411980 a multiple of 30?
True
Is 440 a factor of 454981560?
True
Does 17 divide 16829626?
True
Is 79581628 a multiple of 32?
False
Does 3 divide 20158014?
True
Does 34 divide 717684546?
True
Is 100867935 a multiple of 15?
True
Is 3 a factor of 747612193?
False
Is 532646553 a multiple of 1489?
False
Is 3522425 a multiple of 3?
False
Is 24489591 a multiple of 5?
False
Is 4 a factor of 5153196?
True
Is 23732496 a multiple of 244?
False
Is 577630200 a multiple of 14?
True
Is 281484038 a multiple of 178?
True
Is 11 a factor of 1481821?
True
Does 183 divide 25533807?
True
Is 15 a factor of 92374170?
True
Is 99497621 a multiple of 2206?
False
Does 192 divide 186905527?
False
Is 19890728 a multiple of 88?
True
Is 34 a factor of 2770898?
True
Is 8782 a factor of 566359962?
True
Is 45 a factor of 151269795?
True
Is 31 a factor of 72872288?
False
Is 11458299 a multiple of 3?
True
Is 179201511 a multiple of 129?
True
Is 1150 a factor of 1398798976?
False
Does 302 divide 35316411?
False
Is 15 a factor of 2392740022?
False
Is 2164 a factor of 1047692596?
False
Does 211 divide 41922324?
True
Is 967 a factor of 100749796?
True
Is 82515706 a multiple of 542?
True
Is 3017136540 a multiple of 33?
True
Is 26 a factor of 934328124?
False
Is 32302176 a multiple of 408?
True
Does 30 divide 42572139?
False
Is 913857312 a multiple of 15?
False
Is 410 a factor of 659757692?
False
Is 35505675 a multiple of 15?
True
Does 1218 divide 6928122762?
False
Is 35 a factor of 506479669?
False
Is 53614652 a multiple of 59?
False
Is 128412634 a multiple of 12?
False
Is 8341 a factor of 567563345?
True
Is 1915 a factor of 90472045?
False
Is 610011771 a multiple of 1203?
False
Does 187 divide 757523536?
True
Is 1120999 a multiple of 1627?
False
Is 518 a factor of 697787440?
True
Is 30 a factor of 18730950?
True
Is 84 a factor of 254318097?
False
Is 522865736 a multiple of 668?
False
Is 13 a factor of 33289893?
True
Does 24 divide 54593012?
False
Is 25 a factor of 20243950?
True
Does 28 divide 288109332?
True
Is 7375 a factor of 49272375?
True
Does 156 divide 170672767?
False
Is 20349655 a multiple of 173?
False
Is 2519229456 a multiple of 306?
True
Does 24 divide 910589100?
False
Does 7169 divide 3245620747?
False
Does 137 divide 260689080?
True
Does 1263 divide 28313926?
False
Is 44596784 a multiple of 4?
True
Is 900 a factor of 133959600?
True
Does 67 divide 204161074?
False
Is 35492508 a multiple of 12?
True
Is 1237 a factor of 23055206?
True
Is 5504281 a multiple of 218?
False
Is 16 a factor of 6058272?
True
Is 2576 a factor of 50447662?
False
Is 949966933 a multiple of 14?
False
Is 2 a factor of 4869462?
True
Is 4829 a factor of 3854134501?
False
Is 480 a factor of 612137760?
True
Is 64 a factor of 1425871746?
False
Is 32 a factor of 672469568?
True
Is 11939416 a multiple of 116?
True
Is 126239978 a multiple of 17?
False
Is 341 a factor of 158143524?
True
Does 11 divide 776273707?
True
Is 1023 a factor of 751824202?
False
Is 98 a factor of 19109314?
True
Is 12203088 a multiple of 3?
True
Is 38 a factor of 10418802?
True
Does 16 divide 129884528?
True
Is 872 a factor of 259930992?
True
Is 23 a factor of 159536585?
False
Is 96328358 a multiple of 1589?
True
Is 98 a factor of 47628000?
True
Is 40152024 a multiple of 297?
True
Is 89487684 a multiple of 11?
True
Is 5658 a factor of 342470050?
False
Is 532112707 a multiple of 1465?
False
Is 4138212759 a multiple of 1347?
False
Is 14 a factor of 316154523?
False
Is 89 a factor of 151868799?
True
Is 72277776 a multiple of 1884?
True
Is 217 a factor of 322807247?
True
Is 10 a factor of 105166716?
False
Is 3 a factor of 24889827?
True
Does 19 divide 80399602?
True
Does 2 divide 7094564?
True
Is 310 a factor of 28164430?
True
Is 206 a factor of 210077358?
True
Is 140884262 a multiple of 95?
False
Is 24921794 a multiple of 122?
True
Is 246 a factor of 599301587?
False
Is 503464291 a multiple of 743?
False
Is 91042818 a multiple of 1777?
True
Is 45 a factor of 19001250?
True
Does 330 divide 1303394370?
False
Does 850 divide 250946134?
False
Is 441 a factor of 145056064?
False
Is 905264592 a multiple of 12?
True
Does 12 divide 2491558162?
False
Is 16455512 a multiple of 113?
True
Is 1677 a factor of 401348025?
True
Is 180447398 a multiple of 100?
False
Is 1684 a factor of 488043408?
True
Is 6507152 a multiple of 16?
True
Does 22 divide 182915440?
False
Is 2070557270 a multiple of 5923?
False
Is 298645273 a multiple of 299?
False
Is 120724275 a multiple of 25?
True
Is 6888200 a multiple of 1705?
True
Is 423791247 a multiple of 1553?
False
Does 64 divide 98788608?
True
Does 92 divide 1760763160?
True
Does 737 divide 25199504?
True
Is 639 a factor of 653388257?
False
Is 341930505 a multiple of 185?
True
Is 10636663 a multiple of 39?
False
Does 409 divide 1418322432?
False
Does 112 divide 8416244592?
True
Does 212 divide 61958696?
True
Is 745 a factor of 234163388?
False
Does 23 divide 103842715?
False
Is 7 a factor of 11912610?
False
Is 576533 even?
False
Is 3 a factor of 398341274?
False
Does 57 divide 318809470?
False
Is 16 a factor of 207964161?
False
Is 65042827 a multiple of 101?
False
Is 2036296652 a multiple of 442?
True
Does 9 divide 3818479?
False
Is 4070052859 a multiple of 54?
False
Is 42 a factor of 7780248?
True
Is 166 a factor of 254272204?
False
Is 145732925 a multiple of 221?
True
Does 12 divide 137672832?
True
Is 784 a factor of 110028807?
False
Is 109 a factor of 24808509?
True
Is 1738 a factor of 62976430?
True
Is 1506042315 a multiple of 36?
False
Is 17026053 a multiple of 62?
False
Is 7 a factor of 4084252?
False
Is 3 a factor of 993366?
True
Is 225884212 a multiple of 353?
False
Is 1340340037 a multiple of 81?
False
Is 513263819 a multiple of 7?
False
Does 7 divide 203071333?
False
Does 32 divide 278957792?
True
Is 216790759 a multiple of 3?
False
Is 8133216 a multiple of 32?
True
Does 14 divide 3210822?
False
Does 1636 divide 124534003?
False
Is 4042370582 a multiple of 12804?
False
Does 77 divide 85219037?
False
Is 354 a factor of 332479986?
True
Is 142432558 a multiple of 2090?
False
Does 136 divide 38210042?
False
Is 24 a factor of 211434059?
False
Does 22 divide 13826560?
True
Is 11 a factor of 202696544?
False
Is 1074 a factor of 592738452?
True
Is 688167360 a multiple of 18?
True
Is 249 a factor of 3333831867?
True